2)/100). Let t(g) = 85*g + 25. Let w(f) = m*n(f) - 2*t(f). Determine w(-2).
-10
Let h(d) = -d**3 + 3*d**2 + 5*d - 3. Let z = -39 - -81. Suppose -10 - z = -13*m. What is h(m)?
1
Let y(a) = -22 - 199*a + 193*a - 3 + 13. What is y(-6)?
24
Let l(o) be the first derivative of o**2/2 + 4*o - 92. Calculate l(-8).
-4
Let g(m) = m - 16. Let b(f) = f - 13. Let r(h) = -4*b(h) + 3*g(h). Determine r(11).
-7
Let u(a) = -a**3 + 9*a**2 - 9*a - 3. Let r(h) = -h**3 + 10*h**2 - 10*h - 4. Let q(f) = 5*r(f) - 6*u(f). Suppose 4*k - 5*c = 32, 2*c - 4 + 12 = 0. Give q(k).
1
Let f(n) = 3 + 291*n - 142*n - n**3 - 147*n + 4*n**2. Give f(5).
-12
Suppose 5*p + q + 2*q = -13, -10 = 3*p + 4*q. Let k(h) = -h - 1. Let r(s) = 3*s + 1. Let l(u) = p*r(u) - 5*k(u). What is l(7)?
-4
Let o(s) = -s**2 + 3*s - 2. Let z(i) = i**2 - 17*i + 2. Let w be z(17). Determine o(w).
0
Let w = -98 + 96. Let o(h) = 2*h - h + 4 - 6. What is o(w)?
-4
Let j(q) be the third derivative of q**7/5040 + q**6/180 + q**5/30 - 13*q**4/8 - 45*q**2. Let y(m) be the third derivative of j(m). Determine y(-7).
-3
Let r be (3/(-2))/((-3)/4). Suppose 0 - 10 = -r*a. Let b(y) be the third derivative of y**5/60 - 7*y**4/24 + y**3/3 - y**2. Determine b(a).
-8
Let z(k) be the first derivative of k**4/4 + 4*k**3/3 + k**2 - k - 1. What is z(-2)?
3
Let a(r) = -r**3 + 4*r**2 + 5*r - 1. Let d(s) = -s + 19. Let b be (-128)/(-9) + (-10)/45. Let x be d(b). Calculate a(x).
-1
Let u(r) = -17*r - 4. Let h(l) = -20*l - 3. Let n(g) = -5*h(g) + 6*u(g). Calculate n(-8).
7
Let t be 240/72 - (3 + 0). Let s(v) be the second derivative of t*v**3 + 7*v + 0*v**2 + 0. Give s(3).
6
Let z be (-2 + -1)*(-6)/9. Let c(h) be the second derivative of h**5/10 - h**4/6 + h**3/2 - h**2 - 10*h - 1. Determine c(z).
12
Suppose 5*u = -15, 0*d = 2*d + 4*u + 4. Let l = 3 - 1. Let a(b) = -b**2 + 0*b**l + 4*b**2 + 4*b - 1 - d*b**2. Calculate a(4).
-1
Suppose 4*d - 15 - 7 = 3*m, 2*m + 5*d = -7. Let r(k) be the third derivative of k**6/120 + k**5/10 + k**4/8 + 3*k**3/2 + 9*k**2. Determine r(m).
-9
Let b be 2/13 - (-816)/104. Let h(t) = -5*t + t**2 + b*t - 8 + 2*t - t. Give h(-6).
4
Let n(d) = -d**3 + 3*d**2 + 10*d - 36. Let l be n(3). Let a(k) = -k**3 - 7*k**2 - 4*k + 5. Calculate a(l).
-7
Let i = 456 - 460. Let p(n) = 3*n + 21. Calculate p(i).
9
Let u(f) be the third derivative of 0 + 1/60*f**5 - 2*f**2 + 0*f + f**3 + 1/3*f**4. Give u(-4).
-10
Let z(c) = -4*c - 50. Let f be z(-12). Let u(g) be the third derivative of 0 - 1/12*g**5 - 1/12*g**4 - 1/6*g**3 + 5*g**2 + 0*g. Determine u(f).
-17
Let z(b) = -b**2 - 4*b - 1. Let f = 3 - 6. Let v be 33/(-9) + (-2)/f. Calculate z(v).
2
Suppose -13 = -3*c + 14. Suppose 3 + c = -2*b. Let t(g) = g**3 + 6*g**2 - 1. Give t(b).
-1
Let g(c) = 6*c + 2. Let o(v) = -7*v - 2. Let n(m) = -6*g(m) - 5*o(m). Suppose 13*u = -0*u + 52. Give n(u).
-6
Let y(t) = -3*t + 2. Let w be (-247)/(-39) + (-1)/3. Give y(w).
-16
Let g = 22 - 3. Let q(p) = -p**3 + 18*p**2 + 19*p + 1. Let b be q(g). Let m(d) = -4*d. Give m(b).
-4
Let u(t) be the second derivative of -1/3*t**3 + 0 + 8*t - 1/2*t**2. Let s be -2 + (1 - 1 - 2). Determine u(s).
7
Suppose -202 = -3*h - 190. Let t(i) be the first derivative of 1/3*i**3 - h + 1/2*i**2 - 3*i. What is t(0)?
-3
Let b(p) = 1. Let i(d) = -d**2 - 11*d - 15. Let o(g) = -4*b(g) - i(g). What is o(-10)?
1
Let z(l) be the third derivative of -l**8/6720 - l**7/504 - 7*l**5/120 - l**4/4 + 2*l**2. Let n(u) be the second derivative of z(u). Calculate n(-5).
-7
Let r(m) = -9*m - 14. Let t be 12*(7/(-21) - -1)/(-2). What is r(t)?
22
Let q(g) = 24*g - 25*g - 42 + 37. Give q(-15).
10
Let j = -558 - -547. Let x(s) = -s - 9. Calculate x(j).
2
Let d(b) = 4*b**3 + 14*b**3 + 1 - 2*b - 43*b**2 + 38*b**2 - 19*b**3. Suppose 7 = -3*u - g, 2*u - 4*g + 33 = g. Give d(u).
-7
Let h(k) be the second derivative of k**3/6 + 7*k**2 + 2*k + 304. Determine h(-9).
5
Let v(s) = 0 - 232947*s**2 + 232925*s**2 + 1 - 2*s. What is v(1)?
-23
Suppose 7*w - 7 + 35 = 0. Let s(a) = 5*a - 1 + 4 + 3*a**2 - 4 - 2*a**2. Give s(w).
-5
Let k(c) be the second derivative of -c**3/3 + 3*c**2/2 + c. Suppose -588 = -0*l - 7*l. Let v = l - 80. Calculate k(v).
-5
Let y(q) be the first derivative of -q**6/360 - q**5/40 - 10*q**3/3 - 1. Let h(u) be the third derivative of y(u). What is h(-4)?
-4
Let g(d) = d**3 + 16*d**2 - 15*d + 48. Let q be g(-17). Let m(b) = -3*b + 38. What is m(q)?
-4
Let n(g) be the second derivative of g**6/360 + g**5/20 - 5*g**4/24 + 5*g**3/2 - 13*g. Let c(y) be the second derivative of n(y). Determine c(-7).
2
Let o(m) = -m**2 - 7*m + 1. Let a(d) = -d**2 + 11*d - 8. Let k be a(11). Let w be o(k). Let h(v) = -v**2 - 5*v + 5. Determine h(w).
-9
Let a(i) be the first derivative of i**4/4 + 2*i**3 + 3*i**2 - 6*i + 15. Let g be (10/(-6))/((-16)/(-48)). Calculate a(g).
-11
Let r(k) be the first derivative of k**2 - 334. What is r(-2)?
-4
Suppose 2*y - 3*v + 21 = 0, -4*y = -0*v - 2*v + 30. Let t(m) = m**2 + 6*m. What is t(y)?
0
Suppose 4*r - 9 = 3*r - 2*p, -4*r = 3*p - 31. Let y(v) = 6*v + 4. Let f(o) = 5*o + 5. Let g(t) = r*f(t) - 6*y(t). What is g(9)?
2
Suppose -11*g = -16 + 5. Let f(c) = -3*c**2 + c**2 + g - 11*c - 3*c**3 + 10*c. What is f(-2)?
19
Let o(h) be the first derivative of h**2/2 + 11*h - 42. Determine o(0).
11
Let c(w) = -3*w - 7. Let o = 270 + -277. What is c(o)?
14
Let s = 265 - 375. Let c = 116 + s. Let b(v) = -3*v + 7. Determine b(c).
-11
Let p(j) = j**2 - 4*j. Let b be 154/44*16/14. What is p(b)?
0
Suppose 2*z - 4*l + 4 = -2*l, -z = 5*l + 20. Let p(c) be the third derivative of 1/24*c**4 + 0 + c**2 + 2*c - 5/6*c**3. Give p(z).
-10
Let q be -1*(-4)/(16/76) - 1. Suppose 4*i - q = j, 3*i - 31 = 4*j + 2. Let u(f) = 1. Let d(z) = -z + 4. Let p(h) = d(h) - 3*u(h). Determine p(j).
7
Let v(y) = y**2 + 9*y + 4. Let a(n) = -10*n + 34. Let g be a(4). Determine v(g).
-14
Let r(l) = -1 - 6*l - 3*l - 6 - l**2 - 9*l. Let o be r(-18). Let j(c) = c**2 + 7*c + 3. Give j(o).
3
Let h(s) = -7 - 9 + 3*s + 18. Let v(a) = 17*a - 20. Let l be v(1). Determine h(l).
-7
Let u(s) = 8*s**2 - 170*s + 4. Let a(k) = -7*k**2 + 152*k - 3. Let t(l) = -9*a(l) - 8*u(l). Suppose -4*g + 3*q + q - 36 = 0, -g + 4*q = 12. Give t(g).
-5
Let k(m) be the second derivative of 6*m + 0 + 1/2*m**3 + 1/12*m**4 - 3/2*m**2. Give k(-3).
-3
Let i(j) = -j**2 - 2*j - 32. Let g(w) = 2*w**2 + w + 33. Let x(n) = 2*g(n) + 3*i(n). What is x(8)?
2
Suppose 5*a = p + 13, -a - 16 = -3*a - 5*p. Suppose a*t + 10 = -14. Let v = 3 + t. Let d(f) = 3*f + 4. Give d(v).
-11
Let a = 41 - 84. Let n = a + 33. Let j(d) = -d**2 - 11*d - 7. What is j(n)?
3
Let j = 14 + -26. Let s be (-9 - j) + 0/1. Let o(t) = 2*t - 5 - s*t + 4. Give o(0).
-1
Let c(q) = q**3 - 4*q**2 - 5*q - 2. Suppose -3*i + 286 = 4*j, 3*j - 2*j + i = 72. Let f be (j/(-21))/(4/(-6)). What is c(f)?
-2
Let j(q) be the first derivative of -4*q + 4 - 1/2*q**2. Let a be (-2 + (-6)/(-3))/(-2). Give j(a).
-4
Let b(i) = 7*i**2 + 5*i - 9. Let n(j) = -6*j**3 + 2*j - 1. Let m be n(1). Let h(t) = 3*t**2 + 3*t - 5. Let f(r) = m*h(r) + 2*b(r). What is f(-5)?
7
Let y(v) = 1 + v + 3*v - v - 4*v. Suppose 39 + 15 = -s. Let f = s - -48. Give y(f).
7
Let q be 4*(-1)/(-6) - (-16)/3. Let l(f) = 18 + 20 + f**2 - q*f - 32. Let h = 4 + 2. What is l(h)?
6
Let t(m) = 74*m - 1699. Let i be t(23). Let p(x) = 0 + 0 - 3*x + 2*x**2 - 1. What is p(i)?
8
Let c(k) = -16*k**3 + 2*k**2 + 2*k + 1. Let i(m) = -m - 1. Let f be -1*(-1 + 1)/1. Let t be i(f). Give c(t).
17
Let k(h) = -h**2 + 6*h + 2. Let n = -5 - -10. Let f = 1 + n. Suppose 2*z - f*z = -24. What is k(z)?
2
Suppose 0 = 3*u - 56 + 2. Let z = -23 + u. Let q(x) = -x**3 - 4*x**2 + 7*x + 4. What is q(z)?
-6
Let c(y) be the third derivative of y**6/120 - y**5/60 + y**3/3 + y**2. Suppose 43*s = 44*s + 36. Let m be (-1 - s/28) + 2/(-7). Calculate c(m).
2
Let y = -103 + 110. Let u(q) = -2*q**2 + 11*q - 5. Give u(y).
-26
Let b(h) = -1 - 2 - 7 + 5 - 8*h + 6*h. Determine b(-12).
19
Let v(p) be the third derivative of 13*p**4/12 + 42*p**2 + 2*p. Calculate v(1).
26
Let t(y) = 5*y + 6 - 13 + 3 + 9 - 1. Calculate t(6).
34
Suppose -100*j - 145 + 52 = -7*j. Let o(r) = -3 + 2 - r**3 + 2*r**3. Determine o(j).
-2
Let i(v) = v - 18. Suppose 6*z - 39 = 3*z. Let t be i(z). Let r(a) = -2*a - 7. Give r(t).
3
Let l(h) = -10*h + 3. Let y be -6 + (